
-3
Let p(u) = u**3 - 7*u**2 - 3*u + 17. What is p(7)?
-4
Let q(s) = -s**2 + 21*s - 51. Calculate q(18).
3
Let r(v) = -6*v**3 + v**2 - 1. Give r(-2).
51
Let p(t) = 16*t - 4. Calculate p(7).
108
Let h(s) = -20*s - 127. Give h(-7).
13
Let r(j) = -j**2 - 7*j + 4. Calculate r(-10).
-26
Let p(g) = g**3 + 35*g**2 + 67*g + 15. Give p(-33).
-18
Let o(n) = n**3 + 2*n**2 - 2*n + 9. Calculate o(-4).
-15
Let o(i) = i**2 + 5*i - 67. What is o(-11)?
-1
Let i(j) = -2*j**3 + 13*j**2 + 5*j + 4. Determine i(7).
-10
Let a(n) = 11*n - 6. What is a(1)?
5
Let i(w) = -62*w**2 + w + 1. What is i(-1)?
-62
Let m(j) = -2*j**2 - 31*j - 22. Give m(-15).
-7
Let f(x) = -x + 101. Calculate f(33).
68
Let r(s) = -3*s - 88. Calculate r(-31).
5
Let h(r) = r**3 - 11*r**2 + 14*r + 3. Determine h(10).
43
Let d(n) = -n**3 + 5*n**2 + 2. Calculate d(5).
2
Let r(m) = -m**3 + 7*m**2 + 8*m + 3. What is r(8)?
3
Let i(d) = d**3 + 30*d**2 + 64*d + 227. What is i(-28)?
3
Let t(l) = 5*l**2 - 4*l - 5. What is t(-1)?
4
Let w(y) = -10*y - 7. Calculate w(-3).
23
Let a(j) = -3*j + 4. Determine a(4).
-8
Let y(f) = f**2 - 15*f + 26. Calculate y(13).
0
Let o(i) = -i**3 - 17*i**2 + 36*i - 41. Give o(-19).
-3
Let g(y) = -y**2 - 21*y + 6. Determine g(-21).
6
Let n(i) = -i**3 - 5*i**2 - 3*i - 6. Calculate n(-5).
9
Let a(m) = -m**3 - 8*m**2 + 11*m + 10. Determine a(-9).
-8
Let u(t) = t**3 - 10*t**2 - 14*t + 23. What is u(11)?
-10
Let r(c) = c**2 + 12*c + 2. Determine r(-7).
-33
Let l(a) = -a**2 - 27*a + 318. Calculate l(9).
-6
Let l(o) = -2*o**2 + 3*o + 6. Give l(4).
-14
Let w(d) = d**2 + 13*d - 5. Give w(-6).
-47
Let t(j) = 15*j - 1. Determine t(-3).
-46
Let r(z) = -3*z - 33. Calculate r(-7).
-12
Let y(k) = -5*k - 27. Calculate y(-16).
53
Let n(a) = a**3 - 13*a + 9. What is n(4)?
21
Let h(z) = 2*z**3 + 6*z**2 + 12*z + 11. What is h(-3)?
-25
Let f(s) = -6*s - 14. What is f(-11)?
52
Let i(s) = s**3 - 7*s**2 - 2*s - 1. What is i(8)?
47
Let a(q) = -q**2 - 48*q - 100. What is a(-46)?
-8
Let g(u) = u + 4. Give g(2).
6
Let s(a) = -8*a + 35. Give s(6).
-13
Let f(w) = -w + 3. What is f(-4)?
7
Let b(o) = -o**3 - 8*o**2 - 6*o - 6. Give b(-7).
-13
Let l(t) = -t**3 + 13*t**2 + 10. Calculate l(13).
10
Let z(u) = -5*u - 18. Calculate z(-3).
-3
Let z(s) = s**3 + 24*s**2 - 54*s - 55. Give z(-26).
-3
Let o(t) = 5*t + 7. What is o(-6)?
-23
Let o(i) = 17*i + 3. Determine o(2).
37
Let g(f) = -8*f - 46. Calculate g(-7).
10
Let c(y) = -5*y - 31. Determine c(-14).
39
Let z(v) = -v**3 + 6*v**2 + 25*v - 5. Calculate z(8).
67
Let q(n) = n**2 - 11*n + 2. Determine q(6).
-28
Let r(z) = 5*z + 70. What is r(-16)?
-10
Let d(y) = -3*y**3 - 7*y**2 - 2*y - 4. Determine d(-3).
20
Let a(g) = -g**3 - 6*g**2 + 5*g + 8. Calculate a(-6).
-22
Let m(c) = c**3 - 7*c**2 - 7*c - 9. Determine m(8).
-1
Let m(f) = 9*f**2 + 4*f + 4. Give m(-3).
73
Let a(p) = -p**3 - 8*p**2 + 8*p - 12. What is a(-9)?
-3
Let v(r) = 5*r + 11. Calculate v(-3).
-4
Let b(d) = d**3 + 11*d**2 + 16*d - 2. Calculate b(-7).
82
Let c(b) = b**3 + 17*b**2 - 20*b - 29. What is c(-18)?
7
Let q(n) = -2*n**2 + 9*n + 6. What is q(6)?
-12
Let r(o) = o - 19. Calculate r(15).
-4
Let k(v) = v**3 + 2*v**2 - 3*v - 9. Calculate k(0).
-9
Let u(j) = j**3 - 7*j**2 - 12*j + 60. Calculate u(8).
28
Let s(p) = p**2 - 10*p - 7. Give s(10).
-7
Let h(f) = 3*f**2 + 6*f - 41. Calculate h(4).
31
Let i(o) = o**2 - 25*o + 106. Give i(5).
6
Let m(t) = 16*t - 5. Calculate m(2).
27
Let t(f) = -5*f**3 + 44*f**2 + 9*f - 6. Determine t(9).
-6
Let b(i) = -i**2 - 4*i + 26. Give b(-8).
-6
Let o(v) = v - 3. Give o(8).
5
Let d(s) = s**3 + 15*s**2 - 5*s - 77. Give d(-15).
-2
Let o(f) = 4*f + 10. Determine o(-7).
-18
Let f(b) = b**2 + 36*b + 133. What is f(-32)?
5
Let k(h) = -23*h - 202. Give k(-9).
5
Let p(b) = b**2 + 17*b + 19. Give p(-16).
3
Let c(j) = -j**3 - 6*j**2 - j + 7. Give c(-6).
13
Let k(r) = 2*r**3 - r**2 - 5*r - 1. What is k(-2)?
-11
Let m(u) = -u**2 + 21*u + 102. What is m(-4)?
2
Let o(q) = -q**3 - 23*q**2 + 246*q - 52. What is o(-31)?
10
Let n(z) = -z**3 + 8*z**2 - 13*z + 5. What is n(6)?
-1
Let g(v) = -3*v + 45. Determine g(16).
-3
Let r(c) = c - 4. Calculate r(15).
11
Let v(m) = m**2 - 9*m + 2. Determine v(8).
-6
Let b(w) = -w + 59. Give b(-15).
74
Let d(s) = -s**2 + 15*s + 71. What is d(19)?
-5
Let f(j) = 4*j + 5. Determine f(-1).
1
Let s(q) = -7*q**3 + 18*q + 19. Determine s(-1).
8
Let v(b) = b**2 + 8*b - 4. Give v(-4).
-20
Let z(q) = 4*q**2 + 10*q + 4. Give z(-3).
10
Let r(y) = -64*y - 253. Calculate r(-4).
3
Let i(d) = -d**3 - 9*d**2 - 9. Calculate i(-9).
-9
Let l(c) = c**2 + 7*c + 12. Determine l(-2).
2
Let w(z) = -6*z + 3. Determine w(4).
-21
Let b(q) = -59*q - 298. Determine b(-5).
-3
Let d(p) = 15*p + 5. Calculate d(-8).
-115
Let p(k) = -13*k**2 + 4*k + 6. What is p(-3)?
-123
Let p(j) = 13*j**2 + 3*j - 2. What is p(1)?
14
Let w(f) = -f**2 + 12*f - 7. Determine w(9).
20
Let v(d) = -d**3 + 18*d**2 - 17*d + 8. Calculate v(17).
8
Let m(i) = 4*i + 79. Give m(-17).
11
Let m(q) = -22*q + 216. Calculate m(10).
-4
Let m(i) = -67*i - 261. Determine m(-4).
7
Let f(n) = -n**2 - 12*n - 3. What is f(-7)?
32
Let r(w) = 6*w - 5. Calculate r(-2).
-17
Let c(d) = -d**3 - 4*d**2 - 2*d - 1. Give c(-2).
-5
Let l(q) = q + 10. Give l(-7).
3
Let y(p) = -p**3 + 2*p**2 + 3*p + 2. What is y(-1)?
2
Let z(p) = 6*p - 11. Determine z(10).
49
Let o(t) = -t**2 + 6*t - 10. Determine o(4).
-2
Let c(d) = 7*d - 7. Determine c(1).
0
Let w(y) = y**3 + y + 2. Determine w(0).
2
Let x(o) = o**2 + 5*o. What is x(4)?
36
Let x(y) = -10*y + 94. Determine x(9).
4
Let r(c) = c**2 - 3*c - 3. Give r(-2).
7
Let v(k) = 21*k + 2. What is v(-2)?
-40
Let q(a) = -a**3 - a**2 + a + 4. What is q(0)?
4
Let w(d) = 2*d + 15. Determine w(-11).
-7
Let j(u) = -u**2 + 9*u + 17. Give j(10).
7
Let x(l) = l + 10. Calculate x(7).
17
Let w(x) = -x**2 - 5*x + 6. Give w(-5).
6
Let c(n) = -4*n**2 + 65*n - 21. Calculate c(16).
-5
Let y(j) = -j**3 - j**2 + 48. Determine y(0).
48
Let t(q) = -q - 4. Give t(-7).
3
Let c(g) = 2*g**2 - 22*g + 43. Determine c(8).
-5
Let d(k) = -15*k + 513. Give d(34).
3
Let m(n) = 14*n + 223. What is m(-16)?
-1
Let u(h) = h**3 - 10*h**2 + 14*h + 8. What is u(8)?
-8
Let g(c) = 35*c + 425. Calculate g(-12).
5
Let a(d) = d**3 - 6*d**2 + 7*d - 22. Calculate a(6).
20
Let f(x) = 4*x**2 + 40*x + 3. Determine f(-10).
3
Let c(k) = 10*k**2 - 1. Give c(-2).
39
Let j(n) = 2*n**3 + 9*n**2 - 4*n - 10. What is j(-5)?
-15
Let t(v) = 4*v**3 - v**2 - 3*v + 8. What is t(2)?
30
Let y(b) = b**2 - 19*b + 100. What is y(12)?
16
Let w(q) = 2*q**2 - 47*q - 80. Determine w(25).
-5
Let a(u) = -u**3 - 17*u**2 + 19*u - 4. Determine a(-18).
-22
Let d(z) = 2*z**3 - 15*z**2 - 27*z - 5. Calculate d(9).
-5
Let a(f) = -6*f**2 - 3*f - 2. What is a(-2)?
-20
Let r(b) = -50*b**3 - b**2 - b + 2. Calculate r(1).
-50
Let p(l) = 2*l - 5. Determine p(5).
5
Let o(v) = -v**3 + 29*v**2 + v - 66. Calculate o(29).
-37
Let g(z) = z - 1. Determine g(1).
0
Let b(k) = k**3 + 21*k**2 + 39*k + 3. Determine b(-19).
-16
Let y(q) = -7*q**2 - 2*q. What is y(2)?
-32
Let c(y) = 6*y + 125. Determine c(-21).
-1
Let f(n) = -n**3 + 18*n**2 - 22*n + 395. Determine f(18).
-1
Let q(w) = w**2 + 19*w - 45. Calculate q(-21).
-3
Let r(x) = x**2 + 5*x + 10. Determine r(9).
136
Let d(o) = -o**2 + 8*o - 9. Calculate d(6).
3
Let j(s) = 8*s**2 + s. What is j(-1)?
7
Let f(g) = g**2 + 3*g - 24. Calculate f(-6).
-6
Let s(j) = -j**2 + 3*j + 4. What is s(5)?
-6
Let w(t) = 16*t - 125. What is w(7)?
-13
Let g(k) = -k**2 + 16*k + 65. Calculate g(19).
8
Let k(f) = -f**3 - 11*f**2 - 18*f - 8. Determine k(-2).
-8
Let g(n) = n**3 - 8*n**2 - n - 7. Calculate g(7).
-63
Let n(h) = -h**3 + 9*h**2 - 10*h + 4. Give n(7).
32
Let x(y) = 18*y + 2. Calculate x(-1).
-16
Let s(h) = 2*h**2 - 22*h - 9. What is s(10)?
-29
Let s(n) = -n**3 + 2*n**2 - 30. Give s(0).
-30
Let j(n) = 44*n - 16. Calculate j(-2).
-104
Let s(z) = -5*z**3 - z**2 - 2*z + 2. What is s(1)?
-6
Let b(j) = -7*j - 17. Determine b(7).
-66
Let v(s) = -s**2 + 12*s - 37. Calculate v(5).
-2
Let r(l) = -2*l**3 - 5*l**2 - 3*l + 1. Give r(-3).
19
Let l(q) = -2*q - 137. Determine l(-70).
3
Let c(j) = j**3 - 17*j**2 - 16*j - 21. Determine c(18).
15
Let p(h) = -h**3 - 11*h**2 - 6*h + 6. What is p(-10)?
-34
Let i(b) = b**2 - 36*b + 38. Give i(37).
75
Let s(f) = 4*f**2 - 11*f - 2. Give 